3)/n?
2, 7
Let w(y) = -4*y**2 + y + 4. Let c(u) = 3*u**2 - u - 5. Let z(i) = 3*c(i) + 2*w(i). List the prime factors of z(-3).
5
Let u(x) = 237*x**2 - 72*x - 325. What are the prime factors of u(-5)?
2, 5, 149
Let o be 60/(-105) + 1 + 11/7. Suppose o*u = 88 + 156. List the prime factors of u.
2, 61
List the prime factors of -5361*((-3)/(-9) + -1).
2, 1787
Let d(b) = 7*b - 18. Let u be d(3). Suppose 0 = 5*x + u*s - 347, -2*s + 126 = 3*x - 82. What are the prime factors of x?
2, 5, 7
List the prime factors of 1*(-32)/4 - -3566.
2, 3, 593
Let t = -17 - -30. Let h = t + 192. What are the prime factors of h?
5, 41
Suppose 29 = -6*b - 7. What are the prime factors of (-9)/(-6) - 1809/b?
3, 101
Suppose -2*f + 4*t + 816 = 0, -f + 393 = -8*t + 9*t. List the prime factors of f.
2, 199
Suppose -12*g = -4*g - 4672. What are the prime factors of g?
2, 73
Suppose 3*m + z - 6 = -0*z, 0 = -m - 3*z + 2. Let l(j) = -1 + 4 + 2 + 3*j**2 - 3*j. List the prime factors of l(m).
11
Suppose 0 = -r - 3*r - 28. Let z(a) = a**2 - 5*a - 3. Let j(g) = -2*g**2 + 16*g + 9. Let n(q) = 3*j(q) + 8*z(q). What are the prime factors of n(r)?
3, 5
Let m(y) = -151*y + 385. List the prime factors of m(-10).
5, 379
Let w(b) = 157*b + 282. List the prime factors of w(12).
2, 3, 19
Let o be (3 - 4)/1 + 37. Suppose o - 12 = 6*c. Suppose 0 = c*u + 10 - 130. List the prime factors of u.
2, 3, 5
Let x = -1033 - -1474. What are the prime factors of x?
3, 7
Suppose 0 = -b + a, -b - a = -5 - 1. Suppose b*j - 412 = -28. What are the prime factors of j?
2
Suppose -9*t + 1080 = -19*t. Let d = t + 149. List the prime factors of d.
41
Let f(c) = c**3 + 9*c**2 + 9*c + 9. Let h be f(-8). Let b(w) = -1 + w + 0*w + h + 3. What are the prime factors of b(12)?
3, 5
Suppose 51 + 411 = d. List the prime factors of d.
2, 3, 7, 11
Let k(r) = r**3 - 70*r**2 + 76*r - 125. What are the prime factors of k(69)?
2, 179
Let h = 1603 - 1298. What are the prime factors of h?
5, 61
Let w be (-1 + -5)/(-3) - 2. Suppose 19*q - 9*q = 13*q. List the prime factors of 42 + -1 - (w + q).
41
Suppose 0 = -3*p + 4*a + 1087, 1059 = 3*p - 21*a + 24*a. List the prime factors of p.
3, 7, 17
Let s = -73 - -124. Suppose -3*p - 62 - s = -k, -2*p + 202 = 2*k. List the prime factors of k.
2, 13
Let g(a) = 6*a**2 - 66*a - 75. What are the prime factors of g(23)?
3, 17, 31
Suppose -27 = -4*m - 3. Let s be m/(-8) + 158/8. Suppose 4*i = s + 117. List the prime factors of i.
2, 17
Suppose 4*x - 5*x = -0*x. Suppose -3*g + 300 = -0*g + 2*w, -g + 2*w + 108 = x. List the prime factors of g.
2, 3, 17
Let x be 114*51*(-2)/(-18). Suppose -5*j + 4*a = 2*a - x, 0 = -3*j - a + 392. What are the prime factors of j?
2, 5, 13
Let n(x) = 51*x**2 + 14*x - 56. List the prime factors of n(4).
2, 3, 17
Let w(o) = -o**3 - 12*o**2 + 16*o - 5. Let f be w(-13). Let l = -78 + f. What are the prime factors of l/(-5) - (-2)/(-5)?
2, 3
Let a(g) = -3*g. Suppose 7*c - 2*c = -10, 2*s + 2*c = -6. Let q be a(s). Suppose b + 25 = 2*j, q*j = -2*b - 3*b + 44. What are the prime factors of j?
13
Let l(o) = -o**3 + 7*o**2 - 5*o - 6. Let f be l(6). Suppose 10*p - 881 - 299 = f. What are the prime factors of p?
2, 59
Suppose -5*k + 79 = -c, 2*k + 43 = -2*c - 127. Let l be (-2136)/c + 8/14. Suppose -27*u = -l*u - 44. List the prime factors of u.
2, 11
Suppose 31*h - 174496 = 3*h. List the prime factors of h.
2, 19, 41
Let c be (830/(-15))/((-1)/3). Suppose -c + 44 = -2*m. Suppose 5*f = 2*f + 5*a + m, f - 4*a = 11. List the prime factors of f.
3
Let c(o) = 3*o + 9 + 15*o**2 - 14*o**2 + 5*o. Let i be c(-7). Suppose -i*l + l = -16. What are the prime factors of l?
2
Suppose -135 = -4*l - 39. What are the prime factors of 480/l + (-8)/(-2)?
2, 3
Let r be (0 - 1)/((-6)/(-54)). Let t = r - -12. Suppose 4*g + 4*n - 88 = 0, 3*g + 2*n + t*n - 60 = 0. What are the prime factors of g?
5
Let z(y) = y - 12*y + 2*y**3 - 4*y**2 + 6*y**3 - 6*y**3 - 7. What are the prime factors of z(5)?
2, 11
Let x = 95 - 91. Suppose 5*u + z - 1464 = 0, -u + x*z - 3*z = -294. What are the prime factors of u?
293
Let l be 695/(-9) - 10/(-45). Let v = -45 - l. List the prime factors of v.
2
What are the prime factors of (-3*1)/(12/(-520)*5)?
2, 13
Let l(s) = -2*s**2 + 4*s + 76. What are the prime factors of l(5)?
2, 23
Suppose -5*f + 7*f - 8 = 0. Suppose z = f*z - 213. What are the prime factors of z?
71
What are the prime factors of 32384/46 + 0 + -2 - -3?
3, 5, 47
Let k = 2393 + -595. What are the prime factors of k?
2, 29, 31
Suppose -11*n - 4*n + 58485 = 0. List the prime factors of n.
7, 557
Let a be 133/(-4) + 3/12. Let u = -2 - a. List the prime factors of u.
31
Suppose 4*c - 4 = 0, -c = -65*q + 62*q + 1607. What are the prime factors of q?
2, 67
List the prime factors of (-3 + 291/15)*(1 + 4).
2, 41
Let w(u) = -33*u - 12. Let d be w(7). Let r = 163 + d. What are the prime factors of (-2688)/r - (-2)/5?
2, 17
Let l(t) = -t**3 + 4*t**2 + 9*t + 1. Let b = -28 + 33. List the prime factors of l(b).
3, 7
Let c = 221 - 99. What are the prime factors of (-3)/6*c/(-1)?
61
Suppose 2*l - 6 = -2. Suppose 0*q + 81 = l*n - q, 4*n - q = 157. Let s = n - 7. List the prime factors of s.
31
Let o(b) = b**2 + 2*b - 5. Let c be o(-4). Let y = -90 - -94. Suppose -y*p + 3*n + 127 - 16 = 0, 3*p - 57 = -c*n. List the prime factors of p.
2, 3
Let f = 103 + 46. List the prime factors of f.
149
Let q(l) be the first derivative of l**6/180 - l**5/40 + l**4/6 - 2*l**3/3 + 4. Let c(s) be the third derivative of q(s). List the prime factors of c(-3).
31
Suppose 2*w - 2007 = -5*a, 5*w + 3*a - 2935 - 2054 = 0. Suppose 5*t - 1245 = -3*n, -5*n - w = -4*t - 4*n. What are the prime factors of t?
3, 83
Let t = 15 + -18. Let v be (4/(-8))/(t/912). List the prime factors of (v/(-12))/((-2)/3).
19
Let n = -742 - -2516. What are the prime factors of n?
2, 887
Let v be (108/(-15))/(-3*(-6)/(-45)). Let u = v + 4. List the prime factors of u.
2, 11
What are the prime factors of (-16 + -5)*(-980)/42?
2, 5, 7
Let p(x) = x**3 + 11*x**2 - 11*x + 8. List the prime factors of p(-10).
2, 109
Let f(h) = 29*h**2 - 4*h - 1. Let n(q) = 28*q**2 - 3*q - 1. Let z(b) = -2*f(b) + 3*n(b). What are the prime factors of z(-1)?
2, 13
What are the prime factors of 16/6*10665/20?
2, 3, 79
List the prime factors of (-7)/(-14)*-1588*9/(-6).
3, 397
Let o = 667 + -305. List the prime factors of o.
2, 181
Let y = 13 - 9. Suppose y*v + 234 = 5*i, -2*i + 92 = -5*v + 3*v. List the prime factors of ((-15)/25)/((-2)/i).
3, 5
What are the prime factors of (2446/(-8))/((-1)/4)?
1223
Suppose 2*c + 2*c = -3*w - 8, -3*c + w - 19 = 0. Let t(l) = l**3 + 7*l**2 - l - 6. Let v be t(c). Suppose -b + v = 22. What are the prime factors of b?
3
Suppose 708 = 3*c - 9. What are the prime factors of c?
239
Let m(w) = -w + 9. Let o be m(5). Suppose 45 + 127 = o*z. What are the prime factors of z?
43
Let d(y) = y + 10. Let b be d(-6). Suppose 4*z + 420 = b*s, 0*z + 117 = s + 2*z. List the prime factors of s.
109
Let c(j) = 31*j + 10. Let g be c(6). Suppose 0 = -5*y + 404 + g. List the prime factors of y.
2, 3, 5
Suppose -w - 2*w - 5*t = -100, 0 = 3*t + 12. Let i = w + -13. List the prime factors of 6/i + 50/18.
3
Let g(a) = 4*a**2 - 2*a + 3. Let f be g(3). Suppose -3 = -2*d - f. List the prime factors of 104/65*d/(-2).
2, 3
Let r = 12 - 9. Suppose r*y + b = 504, 18 - 3 = -5*b. Suppose -3*z + y = 5*f, 0*f = -2*f - 3*z + 73. List the prime factors of f.
2
Suppose 4*u - 59 = l, u - l = 20 - 3. Let p = -6 + u. What are the prime factors of (p + -2)*(-30)/(-9)?
2, 5
Suppose -4*y = -g - 9325, 4*y - 9328 = 13*g - 9*g. List the prime factors of y.
3, 7, 37
Let m = 3 - 1. Suppose -4*f + m*f = -188. What are the prime factors of f?
2, 47
Suppose -972*d = -974*d + 352. What are the prime factors of d?
2, 11
Suppose 0 = 325*n - 319*n - 14382. List the prime factors of n.
3, 17, 47
Let n = -83 - -124. Suppose -n = -4*u + 4*w + 87, -3*w = 2*u - 54. List the prime factors of u.
2, 3, 5
Suppose -309 = -2*z - 5*q, -5*z + z - 4*q = -600. Suppose -6*x + 297 + z = 0. List the prime factors of x.
2, 37
Let n be 56/(-6) - (-1)/3. Let q be (-29)/(-1) - (-21)/(-7). Let l = q + n. What are the prime factors of l?
17
Suppose 0 = -5*n + 2*n + 6. Suppose -3*d - n*d - 2*u = -411, 4*u - 12 = 0. List the prime factors of d.
